te the greatest common divisor of y and 6.
6
Let g(h) = 9*h - 1. Let w be g(9). Suppose -3*v - v = -w. Let m be 50*-1*(0 - 2). What is the greatest common factor of m and v?
20
Suppose i + 3*w = -i + 39, 0 = -3*i - 4*w + 56. Let q(o) = -3*o**3 - 5*o**2 + 5*o + 4. Let j be q(-4). Calculate the highest common factor of j and i.
12
Let n(l) = 116*l + 1. Let b be n(2). Let d = b - 121. Calculate the highest common divisor of d and 16.
16
Suppose i + 3*p = -4, 2*i + 4*p - 8*p = 22. Calculate the highest common factor of i and 45.
5
Suppose -h = 4*i - 7*i - 78, -5*i + 5 = 0. What is the highest common factor of 9 and h?
9
Let i(m) = m**2 - 18*m + 17. Let d be i(17). Let s be (0 - -1) + (-1 - 0). Suppose d = -s*n + 5*n - 450. What is the greatest common divisor of 10 and n?
10
Suppose 2 = -l - 0. Let v be (-1)/2 - 111/l. Calculate the greatest common divisor of v and 22.
11
Suppose -2*w = 5*y - 180, -6*y = -5*y - 5*w - 36. Suppose -l + 0*l + 41 = 5*f, -2*f = -5*l - 38. Calculate the highest common divisor of f and y.
9
Suppose 3*y - 9 = 3*g, -3*y - 7 = 4*g - 6*y. Suppose -v - g*v - 12 = 0, -i + 4*v + 22 = 0. What is the greatest common divisor of i and 18?
6
Suppose 88 = 5*f - 2*a, 0*f - 4*f + 56 = 2*a. Calculate the greatest common divisor of 80 and f.
16
Suppose 4*g + 3*c = 7*c + 48, 0 = -3*g - 4*c + 22. Suppose -3*o = -6*o. Suppose 2*u + 2*u - 4 = o. What is the highest common divisor of u and g?
1
Suppose 2*z + 6 = x, 3*x + 9 = 2*x + 5*z. Suppose -2*p + f + 2*f = -143, 2*p + 3*f = 113. Calculate the greatest common divisor of p and x.
16
Let p(d) = 2*d - 13. Let s be p(-12). Let k = s - -71. What is the highest common divisor of k and 17?
17
Let v = -15 - -43. What is the highest common divisor of 7 and v?
7
Suppose 54 = -3*w + 153. Calculate the greatest common factor of 165 and w.
33
Suppose -6*x + 2 = -40. What is the greatest common factor of 56 and x?
7
Let z(c) = c**2 - 11*c + 19. Let g be z(9). What is the highest common factor of 1 and g?
1
Let f(y) = y + 10. Let h be f(-8). Let k be (2 + -1)/(2/4). Suppose k*b = -2*d - b + 29, 3*b = d - 19. Calculate the greatest common factor of d and h.
2
Let n be -2 + (-1*4)/1. Let x be (-8)/n*405/10. What is the greatest common factor of 18 and x?
18
Let d be 2/13 + 1495/169. Calculate the highest common divisor of 171 and d.
9
Let l(a) = 8*a**2 - 2*a - 1. Let b be l(2). What is the highest common factor of b and 18?
9
Suppose 3*u + 4*z - 68 = -12, 4*u + 5*z - 74 = 0. Let i be (-2)/(-6)*(-6)/(-1). Let v be (-392)/(-12) + i/(-3). Calculate the highest common factor of u and v.
16
Suppose 2*w + b = 5*b - 6, 3 = 3*w - 3*b. Suppose -44 = -w*d - 3*p, 5*d - 2*p = 5 + 24. Calculate the highest common divisor of 56 and d.
7
Let x = 2 + -3. Let h be (2/x)/((-3)/6). Suppose 0 = z - 4*o - 29, -h*z = -4*o - o - 94. Calculate the greatest common divisor of z and 7.
7
Let q be 12*(-3)/(-42)*7. Calculate the highest common factor of q and 24.
6
Let p(g) = -38*g + 2. Let s be p(-9). What is the greatest common factor of 43 and s?
43
Suppose v + 15 = 5*l, 3*v + 4*l - 10 - 2 = 0. Suppose 5*i = -v*i + 175. Let p be ((-30)/(-9) - 3)/((-2)/(-30)). Calculate the greatest common factor of p and i.
5
Let v(u) = u - 2. Let j be v(6). Suppose -6*x + 160 = -j*x. Let f(o) = 2*o**2 + 4*o. Let d be f(-4). Calculate the greatest common factor of d and x.
16
Suppose -10 = 8*d - 10*d. Let h(r) = 2*r**2 - 13*r + 11. Let w be h(8). What is the highest common divisor of d and w?
5
Let o(s) = -s**2 - 17*s + 9. Let x be o(-17). Suppose -2*j + 3 = 3*f, j - 3*f - 24 = -0*j. Calculate the highest common divisor of x and j.
9
Let y be 30*(4/6)/((-10)/(-50)). Calculate the greatest common factor of 75 and y.
25
Let q(f) = f**3 + 9*f**2 - 10*f + 14. Let d be q(-10). Let r = d - 3. Suppose -2*a - 99 = -3*a. What is the highest common factor of a and r?
11
Let o = 29 + -17. Calculate the highest common divisor of o and 18.
6
Let i(c) = c**3 - 2*c**2 - c + 1. Let r be i(2). Let k = r - -2. Suppose -2*h - 3 = 7, 0 = -q - h + 4. Calculate the highest common factor of k and q.
1
Let g(d) = -d**2 + 13*d - 10. Let b be g(11). Let q(l) = l**3 + 12*l**2 + 8*l - 15. Let a be q(-11). What is the greatest common factor of b and a?
6
Let o(u) = u**3 - 8*u**2 - 9*u - 3. Let y be o(9). Let c(g) = -4*g**3 + 2*g**2. Let m be c(y). What is the greatest common factor of m and 14?
14
Let h(y) = y**3 - 3*y**2 - 2*y - 4. Suppose -3*g - 3*q + 12 = -4*q, -q + 28 = 5*g. Let i be h(g). Calculate the highest common divisor of i and 9.
9
Let j = 55 + -28. What is the highest common factor of 3 and j?
3
Let p(d) = -8*d + 4. Let z be p(-5). Suppose -f + z = -4*y, -2*y = 5*f + 2*y - 100. Suppose -b + 24 = 2*b. Calculate the greatest common factor of b and f.
8
Let k = 42 - 33. Calculate the highest common factor of k and 45.
9
Let q be 21/35 + (-42)/(-5). Calculate the greatest common factor of 36 and q.
9
Suppose -155 - 485 = -5*i. Let v be 2/((-14)/16 + 1). What is the greatest common divisor of v and i?
16
Suppose -44*q + 47*q - 15 = 0. What is the greatest common factor of 125 and q?
5
Let x be (7/(-4))/(1/(-40)). Let o be -2 + 20 + -2 + -2. What is the greatest common divisor of o and x?
14
Let z(h) = h + 11. Let p(f) = -3*f - 23. Let l(v) = 2*p(v) + 5*z(v). Suppose 2*n - n = 0. Let r be l(n). Calculate the greatest common factor of 3 and r.
3
Let t = -23 + 45. Let k(s) = 9*s**2 - 3*s + 3. Let g be k(2). What is the greatest common divisor of g and t?
11
Let c(a) = -3*a. Let y be c(-5). Let m(k) = -k - 2. Let r be m(-8). Calculate the highest common factor of r and y.
3
Let r = -21 - -36. Calculate the greatest common divisor of 30 and r.
15
Suppose c - 10 = -4*c. Suppose -t - 33 = c*t. Let k = t - -18. What is the highest common divisor of k and 1?
1
Let s(q) = -153*q**3 - q**2 - q. Suppose 3*v + 0*o - 3 = 2*o, -2*v - 3*o - 11 = 0. Let d be s(v). What is the greatest common factor of 17 and d?
17
Suppose 0 = 4*h - 2 - 6. Suppose 2*c + 20 = 2*i - 0*c, -48 = -5*i + 4*c. Suppose 0*j + i = j. Calculate the greatest common divisor of j and h.
2
Suppose 31 = 5*i + 11. Suppose -3*h + 37 = 5*s - 0*s, -16 = h - i*s. Suppose -p = -h*p + 360. Calculate the greatest common factor of p and 15.
15
Let c = 10 + -4. Calculate the greatest common divisor of c and 30.
6
Let v = 11 - -2. Let m(p) = 11*p - 3. Let g be m(5). What is the highest common factor of g and v?
13
Suppose -6 - 2 = -4*z - t, 0 = -4*z - 4*t + 8. Suppose z*y - 83 = 157. Calculate the greatest common factor of y and 15.
15
Let w(b) = -3*b. Let v be w(-2). Suppose x - 90 = v*x. Let a be 3/(-18) - 1461/x. What is the highest common divisor of 9 and a?
9
Let t be (-3)/9 + (-4)/(-24)*146. What is the greatest common divisor of 120 and t?
24
Suppose u - 5*q = 9, -u = q - 4*q - 7. Suppose -5*k + 6 + 7 = u*p, 4*k - 29 = 3*p. Suppose 50 + 45 = k*w. Calculate the greatest common factor of 171 and w.
19
Let h = 28 + -1. Calculate the highest common divisor of 3 and h.
3
Let f = -10 - -10. Let z = -2 - -5. Suppose q - z*q + 120 = f. What is the greatest common factor of q and 12?
12
Let i(a) = 3*a - 6. Let q be i(4). Suppose 3*c + 45 = 3*m, -2*m = -q*c + 3*c - 30. What is the highest common factor of m and 10?
5
Suppose 0 = -2*j + 4*j + 6. Let p be j + (70 - 1)/3. Calculate the highest common factor of p and 220.
20
Let r be 2/(8/4) - -13. Suppose -3*h = -2*h + c - 25, 4*c - 58 = -2*h. Calculate the highest common factor of r and h.
7
Let f(c) = -c - 2. Let i be f(-6). Let j be (-6 - -6) + (0 - -3). Suppose -j*m + 16 = s, -4*s + 0*m + 64 = 3*m. Calculate the highest common divisor of i and s.
4
Suppose -4*o = -12, -4*b = -5*o + 5 + 2. Let p be ((-13)/2 + b)*-8. What is the greatest common divisor of p and 4?
4
Suppose -6*c + 9*c - 6 = 0. Suppose c*d - 89 = 167. Calculate the greatest common factor of 16 and d.
16
Let b(p) = p**2 - 9*p - 10. Let o be b(-6). What is the highest common divisor of 32 and o?
16
Suppose -2*y = y + 42. Let d = y - -16. Calculate the greatest common divisor of d and 22.
2
Let a be 32/2*(-1)/(-2). Let q = a - 6. What is the highest common factor of 4 and q?
2
Let d be (-28)/(-7)*18/8. What is the greatest common factor of 1 and d?
1
Suppose 0 = -2*t + t + 8. Let f = -11 - -11. Suppose -5*v + 19 + 1 